 v(g) = 100*g**2 - 2*g + 1049338. Is v(0) prime?
False
Let c = -80 + 102. Suppose -71306 = -c*b + 199800. Is b a prime number?
True
Let q(b) = -2*b**3 + 11*b**2 + 8*b - 8. Let t be q(6). Is (4 - (-631)/t)*-2*-2 prime?
True
Let q = 5482 - 1314. Suppose 10*x = -1598 + q. Is x a composite number?
False
Let c(l) = -14642*l + 12. Let x(p) = 7321*p - 6. Let f(h) = -2*c(h) - 5*x(h). Is f(-1) a prime number?
False
Is 85475/2 - (-127)/(-254) a composite number?
False
Let l = 180859 + 162658. Is l a composite number?
False
Let m = -16301 - -22954. Is m a prime number?
True
Let y be 1170/(-143) + 2/11. Is ((-2)/y)/(5/25540) a composite number?
False
Let o = -71 - -79. Suppose 3*w = 3*n - 5553, o*n = 3*n - 3*w + 9223. Is n composite?
False
Let t be (-1 + (2 - -5))/((-4)/38). Let y = 60 + t. Suppose d - 263 = 2*p, -7*d = -y*d + 4*p - 1028. Is d a composite number?
True
Suppose -153*h + 13404259 = -42753014. Is h a composite number?
True
Suppose 0 = 8*n - 11*n - m + 381005, n + 4*m - 127009 = 0. Is n composite?
True
Suppose 11*h = 3*h + 160. Suppose 46105 = h*u - 15*u. Is u composite?
False
Is 13553/(-39)*-27 + (-2)/(-13) prime?
False
Suppose -g + 72 = 4*i - 0*i, -3*g - 2*i = -256. Suppose 45*j = 44*j + g. Is 22/j - (-1563)/4 prime?
False
Let n = -885 + 853. Is n/(-20) + -2 - (-589005)/75 composite?
False
Suppose f - 2*a = 127195, 27*f = 23*f + 3*a + 508770. Is f prime?
False
Let k(x) be the second derivative of x**5/20 + x**4/2 - 37*x**3/6 + 17*x**2/2 + x - 86. Is k(7) prime?
False
Suppose -w = d - 3586, -3*d = 2*d + 3*w - 17934. Suppose 43769 = 3*f - 2*h + d, -4*f = 2*h - 53598. Is f a composite number?
False
Suppose -7*n = -1434478 - 1213559. Is n composite?
True
Let m(l) = 3*l**3 - 3*l**2 + l + 9. Let y(j) be the third derivative of j**6/120 - j**5/30 + 5*j**3/6 + 13*j**2. Let a(d) = -2*m(d) + 5*y(d). Is a(-4) prime?
False
Let t(h) = 23*h**2 + 3*h - 7. Let a be (-1 - 51/(-12)) + (-2)/8. Let u be t(a). Suppose -5 = 3*q - 11, 0 = f - q - u. Is f composite?
False
Let q(z) = -z**3 - 4*z**2 + 6*z + 6. Let k be q(-5). Is (k*(-1559)/(-4))/((-38)/(-760)) composite?
True
Let s = 38 - 31. Let w(i) = 9*i - 5. Let u be w(s). Suppose -u*g = -55*g - 711. Is g a composite number?
True
Let k be (312 + -326)*(-3)/2. Suppose -8*l + 3*l = -70. Suppose l = -k*r + 23*r. Is r composite?
False
Let u(f) = -f**3 - 4*f**2 - 2*f + 1. Let z be u(-3). Let w be (-164)/(z - 6*6/(-21)). Let m = 465 + w. Is m a prime number?
True
Suppose 71*i - 230915 = 112153 + 261071. Is i a composite number?
True
Let w(t) = 2*t + 7970. Let k be w(0). Let a = 11817 - k. Is a composite?
False
Suppose -13*a + 76119 + 33244 = -230418. Is a composite?
True
Let p(d) = -d**3 + 3*d**2 + 9*d - 8. Let h be p(5). Let q(o) = o**3 + 14*o**2 + 12*o - 10. Let x be q(h). Is 197 + (-2)/(-3)*x prime?
True
Let b(d) = d**3 + 51*d**2 - 50*d + 106. Let t be b(-52). Suppose 0 = -3*o - 4*j + 1009, -t*o + 407 = 4*j - 271. Is o a prime number?
True
Suppose 55*s = 34*s + 551229. Is s composite?
False
Let z(h) = 23388*h**2 + 53*h + 54. Is z(-1) a composite number?
True
Let p(t) be the first derivative of -485*t**3/6 + 2*t**2 - 7*t - 19. Let h(z) be the first derivative of p(z). Is h(-1) composite?
True
Suppose 17*p - 18875 = 46082. Is p a composite number?
False
Suppose 3 + 9 = 2*f, -f + 214141 = 5*j. Is j a composite number?
True
Suppose -2*x + 5*p = -29993, 3*x - 12113 = 3*p + 32890. Suppose -30*a + x = -28136. Is a a prime number?
False
Let x(n) be the first derivative of n**4/4 + 17*n**3/3 - 24*n + 26. Let j be x(-17). Let w(g) = g**3 + 25*g**2 - 20*g + 13. Is w(j) a composite number?
False
Let u = 371 - 366. Suppose -4*v + 9*v - u*a = 16725, 3341 = v + a. Is v a composite number?
False
Let a = -55 + 83. Suppose 8*j - a = j. Let w(p) = 94*p + 13. Is w(j) a prime number?
True
Suppose 20404 = 108*r - 106*r. Suppose -r = -6*i - 3296. Is i composite?
False
Let g be (4/(-6))/(29/(-2088)). Suppose -5*f - f + g = 0. Is (394/f)/(7 - 780/112) composite?
True
Suppose -2*m + 12 = -6*m. Let r(i) = 12*i**2 + 4*i - 1. Let a be r(m). Let u = a + 314. Is u prime?
True
Let f = -31 - -41. Suppose 0 = 11*j - f - 12. Suppose -5*b - 114 = -j*p, b = 3*p - 3*b - 185. Is p composite?
False
Is 16921328/144 - (-4)/(-18) prime?
False
Let o(t) = 30904*t - 1258. Is o(5) a composite number?
True
Suppose 3*k + 8*o - 778167 = 13*o, 0 = 2*k + 20*o - 518638. Is k prime?
True
Suppose 5*n - 56 - 28 = -2*m, 0 = 5*n - 2*m - 96. Suppose n*h = 23*h - 9505. Is h prime?
True
Suppose 55 = 6*w + 49. Let q be ((-429 + w)/1)/(1/(-2)). Let l = -437 + q. Is l composite?
False
Is ((-2533)/(-51))/((-10)/(-13170)) a prime number?
False
Let i be (1 - 10/14)/((-89)/(-8099)). Let h(k) = -k**3 + 31*k**2 - 3*k - 3. Is h(i) a composite number?
False
Let f be 38/(-3)*(-11)/(33/9). Suppose 31*g + 33523 = f*g. Is g a prime number?
True
Suppose 17 - 49 = -4*o. Suppose -5*p - 2*z + 4679 = 0, -o*p - z - 3751 = -12*p. Is p a prime number?
True
Let t = 518 - 227. Suppose -4*u - t = -5*u. Suppose 695 = 2*l - u. Is l prime?
False
Let o = 528481 - 254536. Suppose -o = 15*r - 36*r. Is r a composite number?
True
Is (6/(-4))/(-3)*(180219 + (-7 - -2)) composite?
False
Suppose -3*h + 3*v = -21, -2*v + 0 = 3*h + 4. Suppose -h*q + 2*s = -q - 1249, -5*q = 4*s - 6231. Is q composite?
True
Let i be (-1 - (-10)/14) + 164/(-14). Let l(t) = t**2 + 12*t - 4. Let c be l(i). Let p(q) = -4*q**3 + 4*q**2 - q - 7. Is p(c) composite?
False
Let m = 87093 - 60224. Is m prime?
False
Let k be ((-4)/(-3))/((-9)/270). Let s be ((-60)/k)/((-3)/(-4)). Suppose 3*x = -4*i + 461, s + 2 = -i. Is x composite?
True
Suppose -2*t - 60 = 4*u + 12, -u = -5*t + 18. Let y = -1039 + 963. Let a = u - y. Is a composite?
True
Let r(m) = -3*m**2 - 6*m**3 + 58*m + 7*m**2 - 49*m. Is r(-7) composite?
True
Suppose 0*d = 3*d - 12. Suppose g + 4*a - 7 = 0, 5 + 3 = -d*g - 4*a. Let w = 11 + g. Is w composite?
True
Suppose 3*v + 7 = -3*f + 28, 0 = 3*f + 15. Let b(r) = 6228*r - 301. Is b(v) a prime number?
False
Let c(j) = 8935*j**3 - 2*j**2 - 100*j + 199. Is c(2) a prime number?
True
Let o be (4327*-7)/1 - (-31)/(-31). Let d = 48171 + o. Is d composite?
False
Let g(n) = -n**2 - 15*n + 4. Let f be g(-15). Let a be (-33)/55 - 3897/5. Is f + -1 - a/((-6)/(-2)) a composite number?
False
Suppose 560*z - 561*z + 16838 = 0. Is z composite?
True
Let q(d) = 9*d**2 + 6 + 2*d - 3 + 1. Let b = -65 + 60. Is q(b) composite?
True
Suppose -2*h = -0*y + 5*y + 493, 4*h + 1011 = -5*y. Let t = 935 + h. Let g = t - 295. Is g composite?
True
Let w = -244622 - -679377. Is w a composite number?
True
Let h = 7662 - 4874. Suppose -8*i - h = -15068. Is i composite?
True
Let d(g) be the first derivative of 5 + 3*g**3 - 11/2*g**2 + 5*g. Is d(8) a composite number?
True
Let i be (-406)/(-70) - (-2)/10. Suppose 3*k = -i*k + 8307. Is k a composite number?
True
Let x = -169 - -174. Suppose 5*n - 10*n = 4*c - 15848, -3*c - x*n + 11881 = 0. Is c a prime number?
True
Let b = 27955 - 657. Is b a composite number?
True
Let c(l) = 3506*l + 156. Let j be c(-3). Let g = j + 21713. Is g a composite number?
False
Let n(u) = 34902*u**2 + 75*u + 151. Is n(-2) a prime number?
True
Suppose -2*x - 2*y + 9195 = -2533, 0 = x + 4*y - 5864. Let m(b) = -3*b**3 + 2*b**2 + 48*b - 32. Let s be m(11). Let r = s + x. Is r composite?
False
Let l = -8542 + 64073. Is l a composite number?
True
Suppose 42*k = 51*k - 117. Suppose 0 = -k*c - 14*c + 65097. Is c a prime number?
True
Suppose 11*f - 1102225 + 691460 = 772758. Is f prime?
False
Let s(v) = 5596*v**3 + 3*v**2 - 10*v + 32. Is s(3) a prime number?
True
Let i = -197 + 202. Suppose 4*u + i*t = t + 12800, 2*u = -5*t + 6391. Is u a prime number?
True
Let a(k) = 180946*k**3 + 6*k**2 + 22*k - 21. Is a(1) prime?
False
Is (-468 + -10)*-618 + (6 - -1) a prime number?
True
Let q be (-514)/(-34) + 4/(-34). Is (12725/q)/(-5)*-6 a composite number?
True
Suppose 66524 = 3*s + 4*j - 11739, -2*j - 52194 = -2*s. Is s a prime number?
False
Suppose 3*a + 9 = 48. Let b = a - 17. Is 105/2 + (-2)/b prime?
True
Suppose 392 = -3*a + 404. Suppose 5*i = -a*h + 30935, -4*i - 4*h + 24754 = -2*h. Is i a composite number?
True
Let c = -16413 - -27652. Is c prime?
True
Is 30955 - 13 - ((-30)/6)/1 composite?
True
Suppose 0*g - 3*g = -2*c - 10, 5*c + 4 = -3*g. Let b(r) = -8*